9. Give l(-61).
6
Let i(j) = j**3 + 30*j**2 + 4*j + 118. Give i(-30).
-2
Let t(x) = x**2 - 304*x + 7481. Determine t(277).
2
Let i(o) = -73*o - 3480. Calculate i(-48).
24
Let x(a) = 12*a - 218. Calculate x(14).
-50
Let q(v) = -4*v**2 + 15*v - 39. Give q(3).
-30
Let f(c) = 9*c**2 - 93*c + 27. Calculate f(10).
-3
Let u(i) = -i**2 + 10*i + 24. What is u(-15)?
-351
Let a(c) = -2*c**3 - 5*c**2 - 20*c. Determine a(0).
0
Let z(x) = -20*x**3 + 6*x**2 + 8*x - 4. Give z(-3).
566
Let r(v) = 129*v + 1426. Determine r(-11).
7
Let t(v) = -64*v**2 + 15618*v - 511. What is t(244)?
-23
Let x(k) = -k**3 + 14*k**2 - 364*k + 3246. Determine x(10).
6
Let d(r) = -87*r**2 + 71*r + 6. Give d(2).
-200
Let k(j) = 49*j - 1368. Determine k(25).
-143
Let x(s) = -7*s + 76. What is x(11)?
-1
Let d(k) = 37*k**2 - 278*k - 19. Give d(7).
-152
Let a(u) = 95*u + 1885. Determine a(-20).
-15
Let b(n) = -402*n + 1128. Give b(3).
-78
Let v(p) = 297*p - 52281. What is v(176)?
-9
Let l(z) = 3*z**2 + 49*z + 25. Determine l(-17).
59
Let i(d) = 20*d**3 + 178*d**2 + 5*d - 15. What is i(-9)?
-222
Let q(u) = u**2 - 41*u + 275. Calculate q(33).
11
Let f(v) = -13*v**2 - 2432*v - 192. What is f(-187)?
-5
Let j(r) = -4*r**3 - 12*r**2 + 30*r - 9. Determine j(3).
-135
Let r(q) = 3*q**2 - 85*q + 349. What is r(5)?
-1
Let x(n) = -n**3 - 4*n**2 + 165*n - 9. Give x(11).
-9
Let r(x) = -190*x + 1329. What is r(7)?
-1
Let v(t) = -4*t**3 + 75*t**2 + 12*t - 63. What is v(19)?
-196
Let s(w) = -3*w**3 - 45*w**2 + 39*w + 59. What is s(-16)?
203
Let v(o) = 82*o - 485. Give v(8).
171
Let d(c) = -c**2 + 16*c + 267. Give d(-11).
-30
Let o(d) = 73*d**3 + 2*d - 1. What is o(1)?
74
Let z(h) = h**2 - 27*h + 37. Give z(7).
-103
Let o(r) = 6*r**2 - 76*r - 2007. Give o(-13).
-5
Let w(y) = 109*y - 1016. Give w(9).
-35
Let o(n) = 5*n**2 - 306*n + 1441. Determine o(5).
36
Let z(i) = 4*i**2 + 103*i - 1490. What is z(-36)?
-14
Let c(t) = -10*t**3 + 66*t**2 + 38*t - 16. What is c(7)?
54
Let p(y) = y**3 + 36*y**2 - 29*y + 299. What is p(-37)?
3
Let g(c) = c**3 - 14*c**2 + 38*c - 79. What is g(11)?
-24
Let x(r) = r**3 - 59*r**2 + 367*r - 158. What is x(52)?
-2
Let l(f) = 62*f**3 + f**2 - 2*f - 2. What is l(-1)?
-61
Let n(q) = q**3 + 58*q**2 - 75*q - 933. What is n(-59)?
11
Let p(c) = 2*c**2 + 49*c - 11. What is p(-23)?
-80
Let d(n) = -2*n**3 - 7*n**2 + n - 25. Determine d(-5).
45
Let i(s) = -6*s - 605. Determine i(-58).
-257
Let r(i) = i**3 - 83*i**2 + 5*i - 428. Determine r(83).
-13
Let q(v) = -302*v - 308. Determine q(-1).
-6
Let x(k) = 43*k + 119. Calculate x(0).
119
Let h(g) = 93*g + 830. Give h(-9).
-7
Let r(d) = 10*d**3 + 29*d**2 - 42*d - 111. What is r(-3)?
6
Let y(i) = -4*i**2 - 15*i - 1. What is y(-3)?
8
Let u(k) = -164*k - 326. Give u(-2).
2
Let h(u) = u**2 - 2435*u + 14580. What is h(6)?
6
Let b(l) = -l**2 + 33*l + 289. Calculate b(-8).
-39
Let h(m) = -m**3 + 11*m**2 + 34*m - 23. Give h(14).
-135
Let c(y) = -y**2 - 6*y - 9. Determine c(-4).
-1
Let l(w) = 61*w + 576. Give l(-9).
27
Let n(j) = j**2 + 56*j + 192. Determine n(-53).
33
Let z(h) = 2*h**2 + 1235*h + 168913. Give z(-413).
-4
Let r(j) = -4*j**2 + 90*j - 633. What is r(16)?
-217
Let t(l) = -l**2 - 85*l - 16. Give t(-84).
68
Let j(z) = 32*z + 177. Calculate j(-2).
113
Let k(p) = -280*p + 1396. Calculate k(5).
-4
Let q(p) = 592*p - 9522. Calculate q(16).
-50
Let i(k) = 5*k**3 - 46*k**2 - 45*k + 29. Determine i(10).
-21
Let m(n) = 122*n + 4. Determine m(0).
4
Let t(z) = -14*z**2 + 285*z - 106. What is t(20)?
-6
Let t(n) = 15*n**2 - 106*n + 4. Calculate t(7).
-3
Let v(i) = i**3 + 33*i**2 + 252*i - 4. Calculate v(-12).
-4
Let a(c) = c**2 - 24*c + 94. What is a(18)?
-14
Let o(k) = 14*k**3 - 1079*k**2 + 67*k + 793. Determine o(77).
23
Let t(y) = 4*y**2 + 13*y - 289. Determine t(7).
-2
Let y(m) = -m**2 + 67*m - 412. What is y(7)?
8
Let q(r) = 17*r**2 + 335*r + 514. Calculate q(-18).
-8
Let q(o) = 3*o**3 + 26*o**2 - 13*o - 4. Give q(-9).
32
Let m(x) = -2190*x - 4383. Calculate m(-2).
-3
Let w(d) = d**3 + 73*d**2 + d + 163. Calculate w(-73).
90
Let k(x) = -x**3 - 12*x**2 + 56*x + 387. Give k(-14).
-5
Let a(p) = -2*p**2 + 118*p + 509. Give a(-4).
5
Let g(k) = -5*k**3 - 24*k**2 + 14*k - 2. Give g(-6).
130
Let q(k) = 2*k + 66. What is q(-25)?
16
Let i(f) = -24*f - 1546. Give i(-65).
14
Let b(h) = 6*h**2 - 651*h - 2362. What is b(112)?
-10
Let j(q) = -q**3 + 19*q**2 - 4*q - 16. Calculate j(0).
-16
Let m(x) = -7*x**2 - 140*x + 61. Give m(-21).
-86
Let b(j) = 2*j**2 + 23*j + 2. Calculate b(-11).
-9
Let m(q) = 37*q + 1069. Give m(-30).
-41
Let v(k) = k**2 - 126*k + 812. Calculate v(7).
-21
Let a(z) = -292*z**3 + 11*z**2 + 2*z + 2. Calculate a(-1).
303
Let x(k) = k**3 + 32*k**2 + 4*k + 92. Give x(-32).
-36
Let h(g) = 20*g - 408. Give h(9).
-228
Let m(o) = o**2 + 15*o + 53. Give m(-19).
129
Let f(o) = -646*o - 1. Determine f(0).
-1
Let z(v) = -19*v**2 - 52*v. Give z(-3).
-15
Let t(k) = -11*k**2 - 16*k - 31. What is t(-10)?
-971
Let m(w) = -4*w**3 - 9*w**2 - 79*w - 157. Give m(-2).
-3
Let d(j) = -4*j**2 - 130*j + 70. Give d(-27).
664
Let j(b) = 14*b - 20. Calculate j(-4).
-76
Let o(f) = -20*f + 2609. Give o(135).
-91
Let z(f) = 13*f + 46. Determine z(18).
280
Let t(l) = 871*l + 20852. What is t(-24)?
-52
Let s(q) = q**3 - 4*q**2 - 9*q - 58. Give s(8).
126
Let d(g) = g**2 - 540*g - 5419. Determine d(-10).
81
Let n(y) = y**2 + 29*y - 1. What is n(-11)?
-199
Let c(g) = -102*g - 422. Determine c(-5).
88
Let g(n) = -25*n - 873. Give g(-36).
27
Let t(s) = 7*s**2 - 2*s + 748. Give t(0).
748
Let i(b) = -2*b**2 - 108*b - 486. Give i(-44).
394
Let n(p) = -p**2 - 16*p + 117. Calculate n(22).
-719
Let v(y) = -855*y - 33337. Calculate v(-39).
8
Let k(i) = -3*i**3 - 14*i**2 - 18*i - 36. Calculate k(-6).
216
Let c(i) = -14*i**2 - 64*i - 64. Determine c(-1).
-14
Let b(v) = 3*v**3 - 3*v**2 + 59*v + 172. Give b(-3).
-113
Let x(p) = 84*p + 332. Give x(-2).
164
Let o(k) = -18*k**2 - 23*k + 50. Give o(2).
-68
Let k(c) = 878*c + 5270. Determine k(-6).
2
Let f(a) = a**2 + 31*a + 100. Give f(0).
100
Let q(r) = -r**2 + 13*r + 39. Determine q(-3).
-9
Let c(f) = -550*f - 6594. Give c(-12).
6
Let p(f) = -3621*f + 152098. Determine p(42).
16
Let g(f) = 348*f + 21221. Give g(-61).
-7
Let j(n) = -23*n**3 - n**2 + n. Calculate j(-1).
21
Let x(g) = g**3 - 7*g**2 + 6*g + 35. Determine x(7).
77
Let a(y) = -16*y - 587. Determine a(-34).
-43
Let h(w) = -w**2 + 9*w - 27. Determine h(4).
-7
Let d(p) = -8*p - 323. Determine d(-40).
-3
Let b(h) = -510*h - 2043. Determine b(-4).
-3
Let u(i) = -i**3 - 171*i**2 - 1761*i - 23. Give u(-11).
-12
Let z(x) = -2*x**3 + 65*x**2 + 31*x + 14. Give z(33).
-52
Let b(h) = 218*h - 13889. What is b(65)?
281
Let y(b) = -146*b - 1521. Give y(-12).
231
Let i(g) = 151*g + 53. Determine i(-2).
-249
Let b(i) = 2*i**3 - 18*i**2 - 25*i + 44. Give b(10).
-6
Let g(k) = -2*k**3 + 86*k**2 - 34*k + 1469. Calculate g(43).
7
Let h(y) = 8*y**2 - 15*y + 33. Calculate h(-7).
530
Let b(v) = -v**2 + v + 18. Calculate b(-16).
-254
Let o(p) = 6*p**2 + 99*p + 395. Give o(-10).
5
Let l(r) = 40*r + 136. What is l(-4)?
-24
Let o(h) = h**3 + 18*h**2 + 86*h + 23. Determine o(-8).
-25
Let n(s) = 95*s**2 - 884*s + 270. Give n(9).
9
Let m(h) = 3*h + 65. Give m(-36).
-43
Let f(c) = -92*c**2 + 271*c - 1. Determine f(3).
-16
Let a(o) = o**2 - 460*o + 13. Calculate a(0).
13
Let c(r) = 134*r - 137. Calculate c(2).
131
Let t(o) = 3*o**2 + 94*o - 5395. Calculate t(-61).
34
Let g(q) = -2*q**2 + 92*q - 512. Determine g(40).
-32
Let m(p) = 6*p**2 + 6*p - 10. Calculate m(4).
110
Let o(f) = 6*f**2 + 2*f + 201. Determine o(0).
201
Let r(n) = -4*n**2 - 130*n - 386. Calculate r(-3).
-32
Let d(s) = -2*s**2 - 3134*s + 9416. Give d(3).
-4
Let b(s) = -68*s**2 + 10*s + 16. Calculate b(4).
-1032
Let q(w) = -151*w - 262. Give q(-5).
493
Let d(j) = -20*j**2 - 154*j + 43. Calculate d(-8).
-5
Let l(v) = -2*v**3 + 827*v**2 + 1300*v - 22822. Determine l(415).
3
Let j(c) = -c**3 + 19*c**2 - 12*c + 240. Calculate j(19).
12
Let j(o) = 889*o - 21341. Calculate j(24).
-5
Let z(a) = a**3 + 43*a**2 - 89*a + 198. Determine z(-45).
153
Let u(v) = -v**2 - 1045*v + 18040. Give u(17).
-14
Let a(l) = 46*l + 277. Determine a(-8).
-91
Let g(h) = h**3 + 2*h**2 - 20*h - 18. What is g(-7)?
-123
Let c(t) = -t**3 - 12*t**2 - 42*t + 53. Determine c(1).
-2
Le